d by 25.
22
Calculate the remainder when 40755 is divided by 16.
3
Calculate the remainder when 8182 is divided by 559.
356
What is the remainder when 28060 is divided by 5608?
20
Calculate the remainder when 56730 is divided by 93.
0
Calculate the remainder when 3059 is divided by 235.
4
Calculate the remainder when 1945 is divided by 91.
34
Calculate the remainder when 284970 is divided by 79.
17
What is the remainder when 4281 is divided by 3867?
414
What is the remainder when 1804 is divided by 36?
4
Calculate the remainder when 44556 is divided by 22271.
14
Calculate the remainder when 3640 is divided by 207.
121
What is the remainder when 220047 is divided by 68?
67
What is the remainder when 11848 is divided by 3692?
772
What is the remainder when 1549 is divided by 398?
355
What is the remainder when 79395 is divided by 115?
45
Calculate the remainder when 100096 is divided by 201.
199
Calculate the remainder when 1295 is divided by 647.
1
What is the remainder when 26977 is divided by 62?
7
What is the remainder when 1948 is divided by 189?
58
What is the remainder when 8019 is divided by 615?
24
What is the remainder when 2326 is divided by 634?
424
What is the remainder when 248034 is divided by 838?
824
Calculate the remainder when 5739 is divided by 1901.
36
What is the remainder when 1914 is divided by 1630?
284
Calculate the remainder when 85309 is divided by 248.
245
Calculate the remainder when 33840 is divided by 33718.
122
Calculate the remainder when 28876 is divided by 4810.
16
What is the remainder when 600 is divided by 287?
26
What is the remainder when 6776 is divided by 31?
18
Calculate the remainder when 3452 is divided by 1113.
113
Calculate the remainder when 3589 is divided by 2034.
1555
What is the remainder when 2334 is divided by 768?
30
What is the remainder when 6039 is divided by 609?
558
What is the remainder when 19110 is divided by 51?
36
What is the remainder when 420171 is divided by 105040?
11
What is the remainder when 320317 is divided by 197?
192
Calculate the remainder when 33626 is divided by 163.
48
Calculate the remainder when 37870 is divided by 265.
240
What is the remainder when 37802 is divided by 1220?
1202
Calculate the remainder when 14195 is divided by 3545.
15
Calculate the remainder when 128421 is divided by 382.
69
Calculate the remainder when 312085 is divided by 606.
601
Calculate the remainder when 30987 is divided by 6195.
12
Calculate the remainder when 354581 is divided by 123.
95
Calculate the remainder when 1007 is divided by 328.
23
What is the remainder when 1061 is divided by 155?
131
What is the remainder when 277 is divided by 92?
1
Calculate the remainder when 82513 is divided by 27495.
28
Calculate the remainder when 703247 is divided by 100463.
6
Calculate the remainder when 25858 is divided by 12911.
36
What is the remainder when 354562 is divided by 604?
14
What is the remainder when 218179 is divided by 54538?
27
Calculate the remainder when 759 is divided by 29.
5
Calculate the remainder when 37606 is divided by 78.
10
What is the remainder when 221429 is divided by 22139?
39
What is the remainder when 382410 is divided by 8?
2
What is the remainder when 100622 is divided by 541?
537
What is the remainder when 47993 is divided by 61?
47
What is the remainder when 353553 is divided by 70703?
38
Calculate the remainder when 91465 is divided by 13063.
24
What is the remainder when 15519 is divided by 3857?
91
What is the remainder when 495903 is divided by 9?
3
What is the remainder when 1942 is divided by 81?
79
Calculate the remainder when 2998 is divided by 82.
46
What is the remainder when 6119 is divided by 13?
9
What is the remainder when 8941 is divided by 223?
21
What is the remainder when 121698 is divided by 359?
356
What is the remainder when 1888 is divided by 127?
110
Calculate the remainder when 1117 is divided by 46.
13
Calculate the remainder when 2386219 is divided by 4.
3
Calculate the remainder when 913259 is divided by 1860.
1859
Calculate the remainder when 17695 is divided by 122.
5
Calculate the remainder when 4294 is divided by 37.
2
Calculate the remainder when 290328 is divided by 27.
24
What is the remainder when 5890 is divided by 2945?
0
What is the remainder when 9123 is divided by 32?
3
Calculate the remainder when 24033 is divided by 5992.
65
What is the remainder when 1743 is divided by 135?
123
Calculate the remainder when 17836 is divided by 578.
496
What is the remainder when 17890 is divided by 303?
13
What is the remainder when 4328 is divided by 205?
23
Calculate the remainder when 392676 is divided by 45.
6
Calculate the remainder when 18063 is divided by 316.
51
Calculate the remainder when 251547 is divided by 280.
107
Calculate the remainder when 41124 is divided by 2164.
8
What is the remainder when 16144 is divided by 138?
136
What is the remainder when 29283 is divided by 360?
123
Calculate the remainder when 77345 is divided by 33.
26
What is the remainder when 867393 is divided by 129?
126
Calculate the remainder when 148911 is divided by 23.
9
Calculate the remainder when 21338 is divided by 437.
362
Calculate the remainder when 8437 is divided by 407.
297
What is the remainder when 861980 is divided by 18?
14
Calculate the remainder when 55591 is divided by 116.
27
What is the remainder when 53265 is divided by 2130?
15
Calculate the remainder when 60510 is divided by 20105.
195
What is the remainder when 573618 is divided by 86?
84
Calculate the remainder when 59190 is divided by 2285.
2065
Calculate the remainder when 872 is divided by 228.
188
Calculate the remainder when 30202 is divided by 364.
354
Calculate the remainder when 67497 is divided by 33747.
3
What is the remainder when 12422 is divided by 41?
40
What is the remainder when 98804 is divided by 24?
20
What is the remainder when 11232 is divided by 70?
32
Calculate the remainder when 2799 is divided by 59.
26
What is the remainder when 963114 is divided by 74085?
9
Calculate the remainder when 113156 is divided by 184.
180
What is the remainder when 1045773 is divided by 12?
9
What is the remainder when 43367 is divided by 31?
29
Calculate the remainder when 1044 is divided by 43.
12
Calculate the remainder when 3994 is divided by 2.
0
Calculate the remainder when 244702 is divided by 56.
38
What is the remainder when 20687 is divided by 6895?
2
Calculate the remainder when 8161 is divided by 49.
27
What is the remainder when 36956 is divided by 2819?
309
What is the remainder when 6365 is divided by 161?
86
What is the remainder when 32796 is divided by 37?
14
Calculate the remainder when 36823 is divided by 12270.
13
What is the remainder when 3743063 is divided by 104?
103
What is the remainder when 142721 is divided by 11?
7
What is the remainder when 2336 is divided by 86?
14
Calculate the remainder when 12066 is divided by 446.
24
What is the remainder when 22554 is divided by 3756?
18
Calculate the remainder when 156415 is divided by 31280.
15
What is the remainder when 11507 is divided by 160?
147
What is the remainder when 1005045 is divided by 44?
41
What is the remainder when 307787 is divided by 8?
3
Calculate the remainder when 237667 is divided by 787.
780
What is the remainder when 10324 is divided by 1032?
4
Calculate the remainder when 8397 is divided by 8377.
20
What is the remainder when 7697 is divided by 11?
8
What is the remainder when 569629 is divided by 331?
309
What is the remainder when 12118 is divided by 3021?
34
What is the remainder when 9633 is divided by 205?
203
What is the remainder when 580599 is divided by 756?
747
Calculate the remainder when 47899 is divided by 42.
19
What is the remainder when 133447 is divided by 99?
94
Calculate the remainder when 31656 is divided by 199.
15
What is the remainder when 650178 is divided by 148?
14
Calculate the remainder when 72593 is divided by 37.
36
What is the remainder when 15862 is divided by 7922?
18
Calculate the remainder when 941531 is divided by 21896.
3
Calculate the remainder when 7176767 is divided by 21.
17
Calculate the remainder when 1993 is divided by 326.
37
What is the remainder when 2594 is divided by 286?
20
What is the remainder when 5989 is divided by 3